{"id":1305,"date":"2020-06-14T12:08:23","date_gmt":"2020-06-14T12:08:23","guid":{"rendered":"http:\/\/redhost:8888\/soulkitchen\/?page_id=1305"},"modified":"2026-03-03T09:52:55","modified_gmt":"2026-03-03T08:52:55","slug":"en-savoir-plus-sur-la-mandale","status":"publish","type":"page","link":"https:\/\/lamandalerestaurant.com\/index.php\/en-savoir-plus-sur-la-mandale\/","title":{"rendered":"En savoir plus sur La Mandale"},"content":{"rendered":"\n\t<section id=\"contentboxes-mb-block-a9818a5b-0c98-463b-a3e4-3328e6d12943\" class=\"section section-contentboxes  alignfull \">\n\n\t\t<div class=\"contentboxes-wrap none\"  >\n\t\t\t\t\t<div class=\"contentboxes-masonry \">\n\n\t\t\t\t<div class=\"grid-sizer-contentboxes\"><\/div>\n\n\t\t\t\t\n\t\t\t\t<div class=\"content-box- contentboxes-image-wrap bg-color half-width square mobile-uncropped   content-white has-vertical-text has-content cb-mobile-content-leave cb-mobile-content-vertical-leave    \"  data-aos=\"fade-up\" data-aos-delay=\"100\"   style=\"order:2\"  >\n\n\t\t\t\t\t<div class=\"contentboxes-image-wrap-inner\">\n\n\t\t\t\t\t\n\t\t\t\t\t\t<div class=\"contentboxes-zoom-wrap \">\n\t\t\t\t\t\t\n\t\t\t\t\t\t\n\t\t\t\t\t\t\n\t\t\t\t\t\t\t<div class=\"contentboxes-content-wrap centered-content contentboxes-content-left contentboxes-content-middle\"  style=\"background-color: #171817\"  >\n\n\t\t\t\t\t\t\t\t\t\t\t\t\t\t\t\t<div class=\"contentboxes-content section-content\">\n\t\t\t\t\t\t\t\t\t\t\t\t\t\t\t\t\t\t\t<span class=\"contentboxes-vertical vertical-text use-body-font\">La Mandale<\/span>\n\t\t\t\t\t\t\t\t\t\t\t\t\t\t\t\t\t\t\t\t\t\t\t\t\t\t\t\t\t\t\t\t\t\t                \t<h1  class=\"contentboxes-content-item contentboxes-title\"  data-aos=\"slide-up\"  >A propos du restaurant <\/h1>\n\t\t\t\t\t\t\t                \t\t\t\t\t\t\t                \t\t\t\t\t\t\t                \t\t\t\t\t\t\t                \t<div class=\"contentboxes-content-item contentboxes-text\"  data-aos=\"fade-right\" data-aos-delay=\"340\"  >Port\u00e9s par une passion pour la gastronomie et une d\u00e9termination sans faille, La Mandale incarne l&rsquo;essence de notre cuisine et de nos partenariats. Le cadre du restaurant reste \u00e9galement un point fort, en effet la rue L\u00e9on Jamin offre une atmosph\u00e8re s\u00e9par\u00e9e de la ville et conviviale. Nous sommes tr\u00e8s proches de nos producteurs, et garantissons une approche authentique de la gastronomie.<\/div>\n\t\t\t\t\t\t\t                \t\t\t\t\t\t\t                \t\t\t\t\t\t        \t<\/div>\n\t\t\t\t\t\t        \t\n\t\t\t\t\t\t\t\t\t\t\t\t\t\n\t\t\t\t\t\t<\/div>\n\t\t\t\t\t<\/div>\n\t\t\t\t\t<\/div>\n\n\t\t\t\t\t\t   \t \n\t\t\t\t<\/div>\n\t\t\t\t\t\n\t\t\t\n\t\t\t\t<div class=\"content-box-13073 contentboxes-image-wrap bg-image half-width square mobile-uncropped   content-white no-vertical-text no-content cb-mobile-content-leave cb-mobile-content-vertical-leave    \"  data-aos=\"fade-up\" data-aos-delay=\"200\"   style=\"order:1\"  >\n\n\t\t\t\t\t<div class=\"contentboxes-image-wrap-inner\">\n\n\t\t\t\t\t\n\t\t\t\t\t\t<div class=\"contentboxes-zoom-wrap \">\n\t\t\t\t\t\t\n\t\t\t\t\t\t\t\t\t\t\t\t\t<div class=\"contentboxbgimage\" style=\"background-image: url(https:\/\/lamandalerestaurant.com\/wp-content\/uploads\/2024\/03\/Copie-de-IMG_0916-1600x1600.jpeg);\"><\/div> \n\t\t\t\t\t\t\t\t\t\t\t\t<div class=\"contentbox-overlay   gradient-contentboxes-content-middle\" >\n\t\t\t\t\t\t\n\t\t\t\t\t\t\t<div class=\"contentboxes-content-wrap centered-content contentboxes-content-center contentboxes-content-middle\"  >\n\n\t\t\t\t\t\t\t\t\n\t\t\t\t\t\t\t\t\t\t\t\t\t\t<\/div>\n\t\t\t\t\t\t\t\t\t\t\t\t\t\n\t\t\t\t\t\t<\/div>\n\t\t\t\t\t<\/div>\n\t\t\t\t\t<\/div>\n\n\t\t\t\t\t\t   \t \n\t\t\t\t<\/div>\n\t\t\t\t\t\n\t\t\t\t\t\t<\/div>\n\t\t\t\t<\/div>\n\n\t<\/section> \n\n\n\n\n\t<section id=\"contentboxes-mb-block-543d6952-a54f-4367-a59e-6c1f7b314591\" class=\"section section-contentboxes  alignfull \">\n\n\t\t<div class=\"contentboxes-wrap none\"  >\n\t\t\t\t\t<div class=\"contentboxes-masonry \">\n\n\t\t\t\t<div class=\"grid-sizer-contentboxes\"><\/div>\n\n\t\t\t\t\n\t\t\t\t<div class=\"content-box-14555 contentboxes-image-wrap bg-image half-width square mobile-uncropped   content-dark no-vertical-text no-content cb-mobile-content-leave cb-mobile-content-vertical-leave    \"  data-aos=\"fade-up\" data-aos-delay=\"100\"   >\n\n\t\t\t\t\t<div class=\"contentboxes-image-wrap-inner\">\n\n\t\t\t\t\t\n\t\t\t\t\t\t<div class=\"contentboxes-zoom-wrap \">\n\t\t\t\t\t\t\n\t\t\t\t\t\t\t\t\t\t\t\t\t<div class=\"contentboxbgimage\" style=\"background-image: url(https:\/\/lamandalerestaurant.com\/wp-content\/uploads\/2026\/03\/Capture-decran-2024-10-05-a-20.21.18-e1772527588407.png);\"><\/div> \n\t\t\t\t\t\t\t\t\t\t\t\t<div class=\"contentbox-overlay   gradient-contentboxes-content-middle\" >\n\t\t\t\t\t\t\n\t\t\t\t\t\t\t<div class=\"contentboxes-content-wrap centered-content contentboxes-content-center contentboxes-content-middle\"  >\n\n\t\t\t\t\t\t\t\t\n\t\t\t\t\t\t\t\t\t\t\t\t\t\t<\/div>\n\t\t\t\t\t\t\t\t\t\t\t\t\t\n\t\t\t\t\t\t<\/div>\n\t\t\t\t\t<\/div>\n\t\t\t\t\t<\/div>\n\n\t\t\t\t\t\t   \t \n\t\t\t\t<\/div>\n\t\t\t\t\t\n\t\t\t\n\t\t\t\t<div class=\"content-box- contentboxes-image-wrap bg-none half-width square mobile-half-height    has-vertical-text has-content cb-mobile-content-center cb-mobile-content-vertical-leave    \"  data-aos=\"fade-up\" data-aos-delay=\"200\"   >\n\n\t\t\t\t\t<div class=\"contentboxes-image-wrap-inner\">\n\n\t\t\t\t\t\n\t\t\t\t\t\t<div class=\"contentboxes-zoom-wrap \">\n\t\t\t\t\t\t\n\t\t\t\t\t\t\n\t\t\t\t\t\t\n\t\t\t\t\t\t\t<div class=\"contentboxes-content-wrap centered-content contentboxes-content-left contentboxes-content-middle\"  >\n\n\t\t\t\t\t\t\t\t\t\t\t\t\t\t\t\t<div class=\"contentboxes-content section-content\">\n\t\t\t\t\t\t\t\t\t\t\t\t\t\t\t\t\t\t\t<span class=\"contentboxes-vertical vertical-text use-body-font\">L&rsquo;\u00e9quipe<\/span>\n\t\t\t\t\t\t\t\t\t\t\t\t\t\t\t\t\t\t\t\t\t\t\t\t\t\t\t\t\t\t\t\t\t\t                \t<h2  class=\"contentboxes-content-item contentboxes-title\"  data-aos=\"slide-up\"  >La Mandale <\/h2>\n\t\t\t\t\t\t\t                \t\t\t\t\t\t\t                \t\t\t\t\t\t\t                \t\t\t\t\t\t\t                \t<div class=\"contentboxes-content-item contentboxes-text\"  data-aos=\"fade-right\" data-aos-delay=\"340\"  > Amis depuis plus de 15 ans, L\u00e9o et Maximilien ont trouv\u00e9 le nom de leur restaurant par hasard apr\u00e8s une simple blague. Ils souhaitaient avoir un nom dit \u201cpercutant\u201d, de ce fait La Mandale r\u00e9pondait \u00e0 ce crit\u00e8re. \r\n<br>\r\nVoici leurs mots \u201cLa Mandale\u00a0\u00bb signifie \u00ab\u00a0une gifle que l\u2019on prend une fois qui marque les esprits et dont on se souvient\u201d.  Amis de longue date, ils avaient tous deux les m\u00eames objectifs\u00a0: cr\u00e9er un endroit chaleureux, un service d\u00e9tendu avec une cuisine bretonne aux influences asiatiques. \r\n<\/div>\n\t\t\t\t\t\t\t                \t\t\t\t\t\t\t                \t\t\t\t\t\t        \t<\/div>\n\t\t\t\t\t\t        \t\n\t\t\t\t\t\t\t\t\t\t\t\t\t\n\t\t\t\t\t\t<\/div>\n\t\t\t\t\t<\/div>\n\t\t\t\t\t<\/div>\n\n\t\t\t\t\t\t   \t \n\t\t\t\t<\/div>\n\t\t\t\t\t\n\t\t\t\t\t\t<\/div>\n\t\t\t\t<\/div>\n\n\t<\/section> \n\n","protected":false},"excerpt":{"rendered":"","protected":false},"author":1,"featured_media":13073,"parent":0,"menu_order":27,"comment_status":"closed","ping_status":"closed","template":"","meta":{"om_disable_all_campaigns":false,"_monsterinsights_skip_tracking":false,"_monsterinsights_sitenote_active":false,"_monsterinsights_sitenote_note":"","_monsterinsights_sitenote_category":0,"footnotes":""},"class_list":["post-1305","page","type-page","status-publish","has-post-thumbnail","hentry"],"yoast_head":"<!-- This site is optimized with the Yoast SEO plugin v22.4 - https:\/\/yoast.com\/wordpress\/plugins\/seo\/ -->\n<title>En savoir plus - La Mandale Restaurant Nantes<\/title>\n<meta name=\"description\" content=\"Pour en savoir plus sur La Mandale: plongez dans ses origines et son fonctionnement partag\u00e9 par les deux fondateurs du restaurant.\" \/>\n<meta name=\"robots\" content=\"index, follow, max-snippet:-1, max-image-preview:large, max-video-preview:-1\" \/>\n<link rel=\"canonical\" href=\"https:\/\/lamandalerestaurant.com\/index.php\/en-savoir-plus-sur-la-mandale\/\" \/>\n<meta property=\"og:locale\" content=\"fr_FR\" \/>\n<meta property=\"og:type\" content=\"article\" \/>\n<meta property=\"og:title\" content=\"En savoir plus - La Mandale Restaurant Nantes\" \/>\n<meta property=\"og:description\" content=\"Pour en savoir plus sur La Mandale: plongez dans ses origines et son fonctionnement partag\u00e9 par les deux fondateurs du restaurant.\" \/>\n<meta property=\"og:url\" content=\"https:\/\/lamandalerestaurant.com\/index.php\/en-savoir-plus-sur-la-mandale\/\" \/>\n<meta property=\"og:site_name\" content=\"La Mandale\" \/>\n<meta property=\"article:publisher\" content=\"https:\/\/www.facebook.com\/Lamandalerestaurant\/\" \/>\n<meta property=\"article:modified_time\" content=\"2026-03-03T08:52:55+00:00\" \/>\n<meta property=\"og:image\" content=\"https:\/\/lamandalerestaurant.com\/wp-content\/uploads\/2024\/03\/Copie-de-IMG_0916-scaled.jpeg\" \/>\n\t<meta property=\"og:image:width\" content=\"1920\" \/>\n\t<meta property=\"og:image:height\" content=\"2560\" \/>\n\t<meta property=\"og:image:type\" content=\"image\/jpeg\" \/>\n<meta name=\"twitter:card\" content=\"summary_large_image\" \/>\n<meta name=\"twitter:label1\" content=\"Dur\u00e9e de lecture estim\u00e9e\" \/>\n\t<meta name=\"twitter:data1\" content=\"1 minute\" \/>\n<script type=\"application\/ld+json\" class=\"yoast-schema-graph\">{\"@context\":\"https:\/\/schema.org\",\"@graph\":[{\"@type\":\"WebPage\",\"@id\":\"https:\/\/lamandalerestaurant.com\/index.php\/en-savoir-plus-sur-la-mandale\/\",\"url\":\"https:\/\/lamandalerestaurant.com\/index.php\/en-savoir-plus-sur-la-mandale\/\",\"name\":\"En savoir plus - La Mandale Restaurant Nantes\",\"isPartOf\":{\"@id\":\"https:\/\/lamandalerestaurant.com\/#website\"},\"primaryImageOfPage\":{\"@id\":\"https:\/\/lamandalerestaurant.com\/index.php\/en-savoir-plus-sur-la-mandale\/#primaryimage\"},\"image\":{\"@id\":\"https:\/\/lamandalerestaurant.com\/index.php\/en-savoir-plus-sur-la-mandale\/#primaryimage\"},\"thumbnailUrl\":\"https:\/\/lamandalerestaurant.com\/wp-content\/uploads\/2024\/03\/Copie-de-IMG_0916-scaled.jpeg\",\"datePublished\":\"2020-06-14T12:08:23+00:00\",\"dateModified\":\"2026-03-03T08:52:55+00:00\",\"description\":\"Pour en savoir plus sur La Mandale: plongez dans ses origines et son fonctionnement partag\u00e9 par les deux fondateurs du restaurant.\",\"breadcrumb\":{\"@id\":\"https:\/\/lamandalerestaurant.com\/index.php\/en-savoir-plus-sur-la-mandale\/#breadcrumb\"},\"inLanguage\":\"fr-FR\",\"potentialAction\":[{\"@type\":\"ReadAction\",\"target\":[\"https:\/\/lamandalerestaurant.com\/index.php\/en-savoir-plus-sur-la-mandale\/\"]}]},{\"@type\":\"ImageObject\",\"inLanguage\":\"fr-FR\",\"@id\":\"https:\/\/lamandalerestaurant.com\/index.php\/en-savoir-plus-sur-la-mandale\/#primaryimage\",\"url\":\"https:\/\/lamandalerestaurant.com\/wp-content\/uploads\/2024\/03\/Copie-de-IMG_0916-scaled.jpeg\",\"contentUrl\":\"https:\/\/lamandalerestaurant.com\/wp-content\/uploads\/2024\/03\/Copie-de-IMG_0916-scaled.jpeg\",\"width\":1920,\"height\":2560,\"caption\":\"L'int\u00e9rieur de la salle du restaurant d\u00e9cor\u00e9 aux couleurs de la Mandale\"},{\"@type\":\"BreadcrumbList\",\"@id\":\"https:\/\/lamandalerestaurant.com\/index.php\/en-savoir-plus-sur-la-mandale\/#breadcrumb\",\"itemListElement\":[{\"@type\":\"ListItem\",\"position\":1,\"name\":\"Accueil\",\"item\":\"https:\/\/lamandalerestaurant.com\/\"},{\"@type\":\"ListItem\",\"position\":2,\"name\":\"En savoir plus sur La Mandale\"}]},{\"@type\":\"WebSite\",\"@id\":\"https:\/\/lamandalerestaurant.com\/#website\",\"url\":\"https:\/\/lamandalerestaurant.com\/\",\"name\":\"Lamandalerestaurant.com\",\"description\":\"La Mandale restaurant \",\"publisher\":{\"@id\":\"https:\/\/lamandalerestaurant.com\/#organization\"},\"potentialAction\":[{\"@type\":\"SearchAction\",\"target\":{\"@type\":\"EntryPoint\",\"urlTemplate\":\"https:\/\/lamandalerestaurant.com\/?s={search_term_string}\"},\"query-input\":\"required name=search_term_string\"}],\"inLanguage\":\"fr-FR\"},{\"@type\":\"Organization\",\"@id\":\"https:\/\/lamandalerestaurant.com\/#organization\",\"name\":\"La Mandale restaurant\",\"url\":\"https:\/\/lamandalerestaurant.com\/\",\"logo\":{\"@type\":\"ImageObject\",\"inLanguage\":\"fr-FR\",\"@id\":\"https:\/\/lamandalerestaurant.com\/#\/schema\/logo\/image\/\",\"url\":\"https:\/\/lamandalerestaurant.com\/wp-content\/uploads\/2024\/04\/cropped-1.png\",\"contentUrl\":\"https:\/\/lamandalerestaurant.com\/wp-content\/uploads\/2024\/04\/cropped-1.png\",\"width\":512,\"height\":512,\"caption\":\"La Mandale restaurant\"},\"image\":{\"@id\":\"https:\/\/lamandalerestaurant.com\/#\/schema\/logo\/image\/\"},\"sameAs\":[\"https:\/\/www.facebook.com\/Lamandalerestaurant\/\",\"https:\/\/www.instagram.com\/lamandalerestaurant\/\"]}]}<\/script>\n<!-- \/ Yoast SEO plugin. -->","yoast_head_json":{"title":"En savoir plus - La Mandale Restaurant Nantes","description":"Pour en savoir plus sur La Mandale: plongez dans ses origines et son fonctionnement partag\u00e9 par les deux fondateurs du restaurant.","robots":{"index":"index","follow":"follow","max-snippet":"max-snippet:-1","max-image-preview":"max-image-preview:large","max-video-preview":"max-video-preview:-1"},"canonical":"https:\/\/lamandalerestaurant.com\/index.php\/en-savoir-plus-sur-la-mandale\/","og_locale":"fr_FR","og_type":"article","og_title":"En savoir plus - La Mandale Restaurant Nantes","og_description":"Pour en savoir plus sur La Mandale: plongez dans ses origines et son fonctionnement partag\u00e9 par les deux fondateurs du restaurant.","og_url":"https:\/\/lamandalerestaurant.com\/index.php\/en-savoir-plus-sur-la-mandale\/","og_site_name":"La Mandale","article_publisher":"https:\/\/www.facebook.com\/Lamandalerestaurant\/","article_modified_time":"2026-03-03T08:52:55+00:00","og_image":[{"width":1920,"height":2560,"url":"https:\/\/lamandalerestaurant.com\/wp-content\/uploads\/2024\/03\/Copie-de-IMG_0916-scaled.jpeg","type":"image\/jpeg"}],"twitter_card":"summary_large_image","twitter_misc":{"Dur\u00e9e de lecture estim\u00e9e":"1 minute"},"schema":{"@context":"https:\/\/schema.org","@graph":[{"@type":"WebPage","@id":"https:\/\/lamandalerestaurant.com\/index.php\/en-savoir-plus-sur-la-mandale\/","url":"https:\/\/lamandalerestaurant.com\/index.php\/en-savoir-plus-sur-la-mandale\/","name":"En savoir plus - La Mandale Restaurant Nantes","isPartOf":{"@id":"https:\/\/lamandalerestaurant.com\/#website"},"primaryImageOfPage":{"@id":"https:\/\/lamandalerestaurant.com\/index.php\/en-savoir-plus-sur-la-mandale\/#primaryimage"},"image":{"@id":"https:\/\/lamandalerestaurant.com\/index.php\/en-savoir-plus-sur-la-mandale\/#primaryimage"},"thumbnailUrl":"https:\/\/lamandalerestaurant.com\/wp-content\/uploads\/2024\/03\/Copie-de-IMG_0916-scaled.jpeg","datePublished":"2020-06-14T12:08:23+00:00","dateModified":"2026-03-03T08:52:55+00:00","description":"Pour en savoir plus sur La Mandale: plongez dans ses origines et son fonctionnement partag\u00e9 par les deux fondateurs du restaurant.","breadcrumb":{"@id":"https:\/\/lamandalerestaurant.com\/index.php\/en-savoir-plus-sur-la-mandale\/#breadcrumb"},"inLanguage":"fr-FR","potentialAction":[{"@type":"ReadAction","target":["https:\/\/lamandalerestaurant.com\/index.php\/en-savoir-plus-sur-la-mandale\/"]}]},{"@type":"ImageObject","inLanguage":"fr-FR","@id":"https:\/\/lamandalerestaurant.com\/index.php\/en-savoir-plus-sur-la-mandale\/#primaryimage","url":"https:\/\/lamandalerestaurant.com\/wp-content\/uploads\/2024\/03\/Copie-de-IMG_0916-scaled.jpeg","contentUrl":"https:\/\/lamandalerestaurant.com\/wp-content\/uploads\/2024\/03\/Copie-de-IMG_0916-scaled.jpeg","width":1920,"height":2560,"caption":"L'int\u00e9rieur de la salle du restaurant d\u00e9cor\u00e9 aux couleurs de la Mandale"},{"@type":"BreadcrumbList","@id":"https:\/\/lamandalerestaurant.com\/index.php\/en-savoir-plus-sur-la-mandale\/#breadcrumb","itemListElement":[{"@type":"ListItem","position":1,"name":"Accueil","item":"https:\/\/lamandalerestaurant.com\/"},{"@type":"ListItem","position":2,"name":"En savoir plus sur La Mandale"}]},{"@type":"WebSite","@id":"https:\/\/lamandalerestaurant.com\/#website","url":"https:\/\/lamandalerestaurant.com\/","name":"Lamandalerestaurant.com","description":"La Mandale restaurant ","publisher":{"@id":"https:\/\/lamandalerestaurant.com\/#organization"},"potentialAction":[{"@type":"SearchAction","target":{"@type":"EntryPoint","urlTemplate":"https:\/\/lamandalerestaurant.com\/?s={search_term_string}"},"query-input":"required name=search_term_string"}],"inLanguage":"fr-FR"},{"@type":"Organization","@id":"https:\/\/lamandalerestaurant.com\/#organization","name":"La Mandale restaurant","url":"https:\/\/lamandalerestaurant.com\/","logo":{"@type":"ImageObject","inLanguage":"fr-FR","@id":"https:\/\/lamandalerestaurant.com\/#\/schema\/logo\/image\/","url":"https:\/\/lamandalerestaurant.com\/wp-content\/uploads\/2024\/04\/cropped-1.png","contentUrl":"https:\/\/lamandalerestaurant.com\/wp-content\/uploads\/2024\/04\/cropped-1.png","width":512,"height":512,"caption":"La Mandale restaurant"},"image":{"@id":"https:\/\/lamandalerestaurant.com\/#\/schema\/logo\/image\/"},"sameAs":["https:\/\/www.facebook.com\/Lamandalerestaurant\/","https:\/\/www.instagram.com\/lamandalerestaurant\/"]}]}},"featured_media_urls":{"thumbnail":["https:\/\/lamandalerestaurant.com\/wp-content\/uploads\/2024\/03\/Copie-de-IMG_0916-150x150.jpeg",150,150,true],"medium":["https:\/\/lamandalerestaurant.com\/wp-content\/uploads\/2024\/03\/Copie-de-IMG_0916-225x300.jpeg",225,300,true],"medium_large":["https:\/\/lamandalerestaurant.com\/wp-content\/uploads\/2024\/03\/Copie-de-IMG_0916-768x1024.jpeg",768,1024,true],"large":["https:\/\/lamandalerestaurant.com\/wp-content\/uploads\/2024\/03\/Copie-de-IMG_0916-768x1024.jpeg",768,1024,true],"1536x1536":["https:\/\/lamandalerestaurant.com\/wp-content\/uploads\/2024\/03\/Copie-de-IMG_0916-1152x1536.jpeg",1152,1536,true],"2048x2048":["https:\/\/lamandalerestaurant.com\/wp-content\/uploads\/2024\/03\/Copie-de-IMG_0916-1536x2048.jpeg",1536,2048,true],"soulkitchen-uncropped":["https:\/\/lamandalerestaurant.com\/wp-content\/uploads\/2024\/03\/Copie-de-IMG_0916-2308x3077.jpeg",2308,3077,true],"soulkitchen-uncropped-largex2":["https:\/\/lamandalerestaurant.com\/wp-content\/uploads\/2024\/03\/Copie-de-IMG_0916-1600x2133.jpeg",1600,2133,true],"soulkitchen-uncropped-full":["https:\/\/lamandalerestaurant.com\/wp-content\/uploads\/2024\/03\/Copie-de-IMG_0916-1200x1600.jpeg",1200,1600,true],"soulkitchen-uncropped-large":["https:\/\/lamandalerestaurant.com\/wp-content\/uploads\/2024\/03\/Copie-de-IMG_0916-800x1067.jpeg",800,1067,true],"soulkitchen-uncropped-medium":["https:\/\/lamandalerestaurant.com\/wp-content\/uploads\/2024\/03\/Copie-de-IMG_0916-560x747.jpeg",560,747,true],"soulkitchen-suare":["https:\/\/lamandalerestaurant.com\/wp-content\/uploads\/2024\/03\/Copie-de-IMG_0916-2308x2308.jpeg",2308,2308,true],"soulkitchen-square-largex2":["https:\/\/lamandalerestaurant.com\/wp-content\/uploads\/2024\/03\/Copie-de-IMG_0916-1600x1600.jpeg",1600,1600,true],"soulkitchen-square-full":["https:\/\/lamandalerestaurant.com\/wp-content\/uploads\/2024\/03\/Copie-de-IMG_0916-1200x1200.jpeg",1200,1200,true],"soulkitchen-square-large":["https:\/\/lamandalerestaurant.com\/wp-content\/uploads\/2024\/03\/Copie-de-IMG_0916-800x800.jpeg",800,800,true],"soulkitchen-square-medium":["https:\/\/lamandalerestaurant.com\/wp-content\/uploads\/2024\/03\/Copie-de-IMG_0916-560x560.jpeg",560,560,true],"soulkitchen-square-small":["https:\/\/lamandalerestaurant.com\/wp-content\/uploads\/2024\/03\/Copie-de-IMG_0916-250x250.jpeg",250,250,true],"soulkitchen-square-mini":["https:\/\/lamandalerestaurant.com\/wp-content\/uploads\/2024\/03\/Copie-de-IMG_0916-120x120.jpeg",120,120,true],"soulkitchen-portrait-full":["https:\/\/lamandalerestaurant.com\/wp-content\/uploads\/2024\/03\/Copie-de-IMG_0916-1200x1800.jpeg",1200,1800,true],"soulkitchen-portrait-large":["https:\/\/lamandalerestaurant.com\/wp-content\/uploads\/2024\/03\/Copie-de-IMG_0916-800x1200.jpeg",800,1200,true],"soulkitchen-landscape":["https:\/\/lamandalerestaurant.com\/wp-content\/uploads\/2024\/03\/Copie-de-IMG_0916-2308x1731.jpeg",2308,1731,true],"soulkitchen-landscape-largex2":["https:\/\/lamandalerestaurant.com\/wp-content\/uploads\/2024\/03\/Copie-de-IMG_0916-1600x1200.jpeg",1600,1200,true],"soulkitchen-landscape-full":["https:\/\/lamandalerestaurant.com\/wp-content\/uploads\/2024\/03\/Copie-de-IMG_0916-1200x900.jpeg",1200,900,true],"soulkitchen-landscape-large":["https:\/\/lamandalerestaurant.com\/wp-content\/uploads\/2024\/03\/Copie-de-IMG_0916-800x600.jpeg",800,600,true],"soulkitchen-landscape-medium":["https:\/\/lamandalerestaurant.com\/wp-content\/uploads\/2024\/03\/Copie-de-IMG_0916-560x420.jpeg",560,420,true],"soulkitchen-landscape-mini":["https:\/\/lamandalerestaurant.com\/wp-content\/uploads\/2024\/03\/Copie-de-IMG_0916-120x90.jpeg",120,90,true],"soulkitchen-landscapenarrow":["https:\/\/lamandalerestaurant.com\/wp-content\/uploads\/2024\/03\/Copie-de-IMG_0916-2308x1154.jpeg",2308,1154,true],"soulkitchen-landscapenarrow-largex2":["https:\/\/lamandalerestaurant.com\/wp-content\/uploads\/2024\/03\/Copie-de-IMG_0916-1600x800.jpeg",1600,800,true],"soulkitchen-landscapenarrow-large":["https:\/\/lamandalerestaurant.com\/wp-content\/uploads\/2024\/03\/Copie-de-IMG_0916-800x400.jpeg",800,400,true],"woocommerce_thumbnail":["https:\/\/lamandalerestaurant.com\/wp-content\/uploads\/2024\/03\/Copie-de-IMG_0916-870x1160.jpeg",870,1160,true],"woocommerce_single":["https:\/\/lamandalerestaurant.com\/wp-content\/uploads\/2024\/03\/Copie-de-IMG_0916-870x1160.jpeg",870,1160,true],"woocommerce_gallery_thumbnail":["https:\/\/lamandalerestaurant.com\/wp-content\/uploads\/2024\/03\/Copie-de-IMG_0916-100x100.jpeg",100,100,true],"portfolio_item-thumbnail":["https:\/\/lamandalerestaurant.com\/wp-content\/uploads\/2024\/03\/Copie-de-IMG_0916-scaled.jpeg",300,400,false],"portfolio_item-thumbnail@2x":["https:\/\/lamandalerestaurant.com\/wp-content\/uploads\/2024\/03\/Copie-de-IMG_0916-scaled.jpeg",600,800,false],"portfolio_item-masonry":["https:\/\/lamandalerestaurant.com\/wp-content\/uploads\/2024\/03\/Copie-de-IMG_0916-scaled.jpeg",600,800,false],"portfolio_item-masonry@2x":["https:\/\/lamandalerestaurant.com\/wp-content\/uploads\/2024\/03\/Copie-de-IMG_0916-scaled.jpeg",1200,1600,false],"portfolio_item-thumbnail_cinema":["https:\/\/lamandalerestaurant.com\/wp-content\/uploads\/2024\/03\/Copie-de-IMG_0916-scaled.jpeg",251,335,false],"portfolio_item-thumbnail_portrait":["https:\/\/lamandalerestaurant.com\/wp-content\/uploads\/2024\/03\/Copie-de-IMG_0916-scaled.jpeg",600,800,false],"portfolio_item-thumbnail_portrait@2x":["https:\/\/lamandalerestaurant.com\/wp-content\/uploads\/2024\/03\/Copie-de-IMG_0916-scaled.jpeg",1200,1600,false],"portfolio_item-thumbnail_square":["https:\/\/lamandalerestaurant.com\/wp-content\/uploads\/2024\/03\/Copie-de-IMG_0916-scaled.jpeg",600,800,false]},"_links":{"self":[{"href":"https:\/\/lamandalerestaurant.com\/index.php\/wp-json\/wp\/v2\/pages\/1305","targetHints":{"allow":["GET"]}}],"collection":[{"href":"https:\/\/lamandalerestaurant.com\/index.php\/wp-json\/wp\/v2\/pages"}],"about":[{"href":"https:\/\/lamandalerestaurant.com\/index.php\/wp-json\/wp\/v2\/types\/page"}],"author":[{"embeddable":true,"href":"https:\/\/lamandalerestaurant.com\/index.php\/wp-json\/wp\/v2\/users\/1"}],"replies":[{"embeddable":true,"href":"https:\/\/lamandalerestaurant.com\/index.php\/wp-json\/wp\/v2\/comments?post=1305"}],"version-history":[{"count":22,"href":"https:\/\/lamandalerestaurant.com\/index.php\/wp-json\/wp\/v2\/pages\/1305\/revisions"}],"predecessor-version":[{"id":14558,"href":"https:\/\/lamandalerestaurant.com\/index.php\/wp-json\/wp\/v2\/pages\/1305\/revisions\/14558"}],"wp:featuredmedia":[{"embeddable":true,"href":"https:\/\/lamandalerestaurant.com\/index.php\/wp-json\/wp\/v2\/media\/13073"}],"wp:attachment":[{"href":"https:\/\/lamandalerestaurant.com\/index.php\/wp-json\/wp\/v2\/media?parent=1305"}],"curies":[{"name":"wp","href":"https:\/\/api.w.org\/{rel}","templated":true}]}}